nits digit of j(16)?
4
What is the hundreds digit of (-100 - (2 - 18))*28/(-6)?
3
Suppose -w - 358 = -2275. What is the thousands digit of w?
1
Suppose -4*d = -2*d - 368. Suppose d = -4*h + 8*h. What is the units digit of h?
6
Let n(p) = 30*p**2 - 24*p + 20. What is the hundreds digit of n(4)?
4
Let r be (-1)/((-100)/(-24) + -4). Let x(m) = 3*m**2 + 7*m + 2. What is the tens digit of x(r)?
6
Suppose 30 = j + 2*j. Suppose 5*t - j - 10 = 0. What is the units digit of t/(-6)*24/(-16)?
1
Let i be (-154)/(-35) + -5 + (-27)/5. What is the units digit of (52/i)/(5*(-8)/240)?
2
Suppose 3*n + 3*w = 24, -16 = -2*n + 2*w + w. Suppose 2*r + n = -8. What is the tens digit of 304/10 - r/(-20)?
3
Let u(o) = -35*o - 2. Let x be (2 - 10)/1 - (0 + -3). What is the units digit of u(x)?
3
Let d be 9*-1 + 12/4. What is the units digit of (180/(-25))/d*5?
6
Let o(j) = 6*j - 12. Let m be o(-8). Let r be 1/4 - m/16. What is the tens digit of 1380/135 + r/(-18)?
1
Suppose -4*l = -2*u + 864, 4*u + 3*l = 1612 + 160. Suppose -10*y + 8*y = -u. Suppose -2*w = -3*q + y, 4*w - 12 = w. What is the units digit of q?
6
Suppose 28*l - 13*l - 600 = 0. What is the units digit of l?
0
Let m(o) = -o**3 + 52*o**2 - 18*o + 79. What is the thousands digit of m(51)?
1
Let w(l) = 4*l + 59. What is the units digit of w(10)?
9
Suppose -14*g = -9*g. Suppose -3*b + i + 262 = g, -2*i - 300 + 40 = -3*b. What is the tens digit of b?
8
Let r(g) = 3*g**2 - 4*g - 14. Let m(p) = 4*p**2 - 5*p - 15. Let s(z) = -2*m(z) + 3*r(z). Let w be s(6). Suppose 36 + w = 2*q. What is the units digit of q?
4
Let x = -138 - -671. What is the hundreds digit of x?
5
Suppose 0*x + 2*w = -x - 2039, 0 = -3*w + 9. Let b be (2/(-1))/(46/184). What is the tens digit of 1/b - x/40?
5
Let r = 1 + 0. Let i(t) = 263*t**2 - t. What is the hundreds digit of i(r)?
2
Let l = 27 + -29. Let q be l + 3 - (-4 + 1). Suppose 0 = 7*r - q*r - 111. What is the tens digit of r?
3
Let m = 20 - 17. What is the units digit of 1/(m/(-12)) + 11?
7
Let j(y) = 74*y - 354. What is the tens digit of j(17)?
0
Let p be 1/2*(7 + 1). Suppose -h + 0*m - m = -230, 2*m - 910 = -p*h. What is the tens digit of h?
2
Suppose 6960 = -278*m + 290*m. What is the tens digit of m?
8
Suppose 75*k + 10498 = 50398. What is the hundreds digit of k?
5
Let g be (-10)/3*(-18)/15. Suppose g*k = -q + 58, -k - q = -2*k + 12. What is the tens digit of (-4)/k + 852/42?
2
Suppose -5*r + 6 = -19, 2*r - 2818 = -3*v. What is the tens digit of v?
3
Let i(n) = -n**2 + 6*n - 6. Let f be i(4). Let o(y) = y**2 + 0*y**f + 5 + 42*y - 34*y. What is the units digit of o(-8)?
5
Let s(y) = -y**3 + 7*y**2 + 10*y - 1. Suppose -u + 3 = 2*t - 10, t - u - 11 = 0. What is the units digit of s(t)?
5
Let c be 4 + 0 + -1 + 0. What is the units digit of 86/(3/c + 1)?
3
Let q be (-93)/1 + (-4 - 1). Suppose 312 = -5*n - 393. Let g = q - n. What is the units digit of g?
3
Let c(w) = w**2 + 2*w - 10. Let u be c(2). Let t = u + 13. What is the tens digit of t?
1
Suppose 5*d = -0*d + 105. Let j be 6/d + 102/(-14). Let w = j - -9. What is the units digit of w?
2
Let v = 40 + -24. What is the tens digit of ((-20)/v + 0)*-48 + 4?
6
Let o = 21 + 7. Suppose k - o = 18. Suppose 2*b + 0*c + c = k, 3*b - 2*c = 83. What is the units digit of b?
5
Let l be 2/13 + 128/13. Let h(r) = 2 + r + 10 + l. What is the units digit of h(-11)?
1
Let j be (((-15)/(-5))/(1/1))/1. Suppose 187 = 2*v + j. What is the units digit of v?
2
Let b(a) = a**3 + 5*a**2 - a + 7. Let s be b(-5). Let h be 29*(s/(-3))/(-4). Let x = h - 15. What is the tens digit of x?
1
What is the hundreds digit of 547*2/(6/3)?
5
Suppose -5*j + 1842 = 2*u - u, -j = -3. What is the units digit of u?
7
Let n(q) = q. Let p be n(7). Suppose -5*w + 2*z = p*z, 5*w + 3*z = 8. Suppose -w*v + 1 = a - 0, -5*a + 5*v = -55. What is the units digit of a?
9
Let q(m) = 48*m + 59. Let y(w) = -w - 1. Let k(r) = -q(r) - 2*y(r). What is the units digit of k(-7)?
5
What is the tens digit of 251 + (1 + 5)/(18/12)?
5
Suppose 0 = 2*y + 5*z - 601 - 984, -z + 3974 = 5*y. What is the units digit of y?
5
Let u(m) = 3*m**3 - 2*m**2 - m - 4. What is the units digit of u(10)?
6
Suppose 524 = 3*k - 5*r + 7*r, -r = -3*k + 530. What is the units digit of k?
6
Let x be (0/2)/((-4)/2). Suppose x*h = 4*h - 16. Suppose -5*w - h = -7*w. What is the units digit of w?
2
Let l = -852 - -2115. What is the units digit of l?
3
What is the units digit of ((-15)/(-25))/(9/9990)?
6
Suppose -11*i + 8403 = -9428. What is the hundreds digit of i?
6
Let g = 261 + 103. Let o = g + -223. What is the tens digit of o?
4
Let v(p) = 2*p - 10. Let n be v(5). Suppose j - d = 2 + 53, n = -5*j + d + 267. What is the tens digit of j?
5
Suppose 24 = 4*t + 60. Let n(s) = 2*s**2 + 4*s - 4. Let x be n(-4). Let c = x + t. What is the units digit of c?
3
Let s(j) = j**3 - 4*j**2 - 4*j - 5. Let r be s(5). Suppose r = -4*h + z + 19, 2*h + 2*z = -2*h + 10. Suppose -7*w + h*w + 72 = 0. What is the tens digit of w?
2
Suppose 0 = -4*k + z - 2*z - 3, -5*z + 31 = -3*k. Let t be (2/(-6))/(k/18). Suppose -a - 4*h + 29 = 0, 0 = 4*a - 0*h + t*h - 64. What is the tens digit of a?
1
What is the units digit of (-30)/8 + 4 - 12273/(-12)?
3
Let p be (-2)/9 + (-60)/(-27). Let b(h) = 5*h - 4. Let c be b(6). Suppose 4*z + p = c. What is the units digit of z?
6
Let q(s) = s**2 - s + 3. Let n(j) = 3*j**2 - 2*j + 7. Let i(r) = 3*n(r) - 7*q(r). Suppose 0 + 3 = -y. What is the tens digit of i(y)?
1
Suppose -42*m + 49*m = 210. What is the tens digit of m?
3
Let m = 11 + -15. Let f = 6 + m. Suppose 0 = -f*k + 21 + 17. What is the tens digit of k?
1
Let o(d) = 7*d - 7. Let k be o(9). Let j be k/26 - (-36)/(-234). Suppose 18 = -2*x + 5*v, -5*x + 7 + j = v. What is the units digit of x?
1
Let k(d) = -35*d + 639. What is the units digit of k(0)?
9
Let n(v) = -2467*v**3 + v**2 + 4*v + 1. What is the units digit of n(-1)?
5
Let o(m) be the first derivative of -m**3/3 + m**2/2 + 182*m - 9. What is the hundreds digit of o(0)?
1
Let s = -34 + 64. Let p(v) = -v**3 + 30*v**2 - 33*v + 11. Let z be p(29). What is the tens digit of (1 + -21)/(s/z)?
7
Let a(s) = 1. Let k(d) = d - 16. Let f(q) = -2*a(q) - k(q). What is the units digit of f(-14)?
8
Let q be 2/(-6) + 905/15. Suppose 0 = -5*r + 8*r - q. Suppose 57 = 2*l - p, 0*p - 4*p = r. What is the units digit of l?
6
Suppose 2*u - 13300 = -5*i, -2*i + 4*i - 4*u = 5296. What is the thousands digit of i?
2
Let f = -35 - -35. Suppose f = -7*i + 15 + 13. Let l(m) = m**2 + 5*m + 3. What is the tens digit of l(i)?
3
Let v = 78 - 76. Suppose -4*m + 144 = -64. Suppose -v*c - m = -4*c. What is the tens digit of c?
2
Suppose 0 = -8*y - 36*y + 64944. What is the units digit of y?
6
What is the units digit of 771/(-2)*(-4)/3?
4
Let m be 36/(-45)*(-430)/(-4). Let f = m - -140. What is the tens digit of f?
5
Suppose -m - h = -316, -16 = -h - 14. What is the tens digit of m?
1
Let l(j) = 2*j**3 + j + 565. What is the hundreds digit of l(0)?
5
Suppose -o - 27 = n + 18, -3*n - 4*o = 137. Let m = 71 + n. What is the units digit of m?
8
Let b(m) = -3*m + 53 + 14*m - 4*m + 0*m. What is the tens digit of b(13)?
4
Let g be 1*(-19 - 0/(-1)). Let y be 6/(-21) - g/(-7). What is the units digit of y/(-4)*(-2 + 14)?
9
Suppose -f + 5*a + 2508 = 0, 0 = -2*f - 5*a - 1887 + 6918. What is the tens digit of f?
1
Let f = -21 - -26. Suppose f*l - 120 = 175. Let n = l - 21. What is the tens digit of n?
3
Let i(x) = -3*x**3 + 3*x**2 + 3*x + 2. Suppose 42 + 3 = -3*c. Let s be c/6 - (-2)/4. What is the units digit of i(s)?
2
Let a(w) = 6*w**3 + 4*w**2 - 2*w - 4. Let y be a(-3). Let z = y - -213. What is the units digit of z?
9
Let k be 6 - (-1)/((-7)/2 + 3). Suppose -4*n = -16, k*q = -2*n + 33 + 11. What is the units digit of q?
9
Suppose 0 = 5*l + 15, -4*q = -4*l - 5566 + 1638. What is the hundreds digit of q?
9
Let p = 58 + 386. What is the hundreds digit of p?
4
Let c(r) = -21*r - 54. What is the units digit of c(-4)?
0
Suppose f + 48 = -5*v, -5*v + 4*v + 48 = -f. Let u = f - -90. Suppose 0*r - u = -2*r. What is the units digit of r?
1
Let i(z) = 11*z + 55. What is the units digit of i(8)?
3
Let l(m) = -3*m**3 + 4*m**2 - 3*m - 1. What is the units digit of l(-5)?
9
What is the tens digit of 9/6*(1114/(-3))/(-1)?
5
Let b(a) = 2*a + 28. Let c be b(-1